{"id":29,"date":"2022-11-18T17:55:30","date_gmt":"2022-11-18T17:55:30","guid":{"rendered":"http:\/\/www.rodbauer.com.uy\/?page_id=29"},"modified":"2022-11-19T14:50:05","modified_gmt":"2022-11-19T14:50:05","slug":"operaciones","status":"publish","type":"page","link":"https:\/\/www.rodbauer.com.uy\/?page_id=29","title":{"rendered":"Operaciones"},"content":{"rendered":"<p>Contratos de operaci\u00f3n y mantenimiento de instalaciones COMERCIALES E INDUSTRIALES.<br \/>\nAcompa\u00f1amiento y entrenamiento del personal de operaci\u00f3n y mantenimiento para instalaciones industriales y agroindustriales.<\/p>\n","protected":false},"excerpt":{"rendered":"<p>Contratos de operaci\u00f3n y mantenimiento de instalaciones COMERCIALES E INDUSTRIALES. Acompa\u00f1amiento y entrenamiento del personal de operaci\u00f3n y mantenimiento para instalaciones industriales y agroindustriales.<\/p>\n","protected":false},"author":1,"featured_media":0,"parent":0,"menu_order":4,"comment_status":"closed","ping_status":"closed","template":"","meta":{"footnotes":""},"class_list":["post-29","page","type-page","status-publish","hentry"],"_links":{"self":[{"href":"https:\/\/www.rodbauer.com.uy\/index.php?rest_route=\/wp\/v2\/pages\/29","targetHints":{"allow":["GET"]}}],"collection":[{"href":"https:\/\/www.rodbauer.com.uy\/index.php?rest_route=\/wp\/v2\/pages"}],"about":[{"href":"https:\/\/www.rodbauer.com.uy\/index.php?rest_route=\/wp\/v2\/types\/page"}],"author":[{"embeddable":true,"href":"https:\/\/www.rodbauer.com.uy\/index.php?rest_route=\/wp\/v2\/users\/1"}],"replies":[{"embeddable":true,"href":"https:\/\/www.rodbauer.com.uy\/index.php?rest_route=%2Fwp%2Fv2%2Fcomments&post=29"}],"version-history":[{"count":2,"href":"https:\/\/www.rodbauer.com.uy\/index.php?rest_route=\/wp\/v2\/pages\/29\/revisions"}],"predecessor-version":[{"id":65,"href":"https:\/\/www.rodbauer.com.uy\/index.php?rest_route=\/wp\/v2\/pages\/29\/revisions\/65"}],"wp:attachment":[{"href":"https:\/\/www.rodbauer.com.uy\/index.php?rest_route=%2Fwp%2Fv2%2Fmedia&parent=29"}],"curies":[{"name":"wp","href":"https:\/\/api.w.org\/{rel}","templated":true}]}}